{"id":9422,"date":"2026-01-11T16:47:44","date_gmt":"2026-01-11T16:47:44","guid":{"rendered":"https:\/\/biocosdz.com\/?post_type=product&#038;p=9422"},"modified":"2026-01-11T16:47:44","modified_gmt":"2026-01-11T16:47:44","slug":"pack-capillaire-detox","status":"publish","type":"product","link":"https:\/\/biocosdz.com\/?product=pack-capillaire-detox","title":{"rendered":"Pack Capillaire Detox"},"content":{"rendered":"","protected":false},"excerpt":{"rendered":"<div class=\"product__ref\">SKU-1004<\/div>\n<div class=\"product__description\">Contient shampo detox, et masquepour cheveux.<\/p>\n<p>&#8211; \u00c9limine l\u2019exc\u00e8s de s\u00e9bum et les impuret\u00e9s.<\/p>\n<p>&#8211; Cheveux purifi\u00e9s, l\u00e9gers et brillants une ligne continue sans arr\u00eat.<\/p>\n<p>&#8211; Sensation de fra\u00eecheur longue dur\u00e9e.<\/p><\/div>\n","protected":false},"featured_media":9423,"comment_status":"open","ping_status":"closed","template":"","meta":[],"product_cat":[51],"product_tag":[],"class_list":{"0":"post-9422","1":"product","2":"type-product","3":"status-publish","4":"has-post-thumbnail","6":"product_cat-cosmetique-pack","7":"description-off","9":"first","10":"instock","11":"sale","12":"shipping-taxable","13":"purchasable","14":"product-type-simple"},"jetpack_sharing_enabled":true,"_links":{"self":[{"href":"https:\/\/biocosdz.com\/index.php?rest_route=\/wp\/v2\/product\/9422","targetHints":{"allow":["GET"]}}],"collection":[{"href":"https:\/\/biocosdz.com\/index.php?rest_route=\/wp\/v2\/product"}],"about":[{"href":"https:\/\/biocosdz.com\/index.php?rest_route=\/wp\/v2\/types\/product"}],"replies":[{"embeddable":true,"href":"https:\/\/biocosdz.com\/index.php?rest_route=%2Fwp%2Fv2%2Fcomments&post=9422"}],"version-history":[{"count":1,"href":"https:\/\/biocosdz.com\/index.php?rest_route=\/wp\/v2\/product\/9422\/revisions"}],"predecessor-version":[{"id":9424,"href":"https:\/\/biocosdz.com\/index.php?rest_route=\/wp\/v2\/product\/9422\/revisions\/9424"}],"wp:featuredmedia":[{"embeddable":true,"href":"https:\/\/biocosdz.com\/index.php?rest_route=\/wp\/v2\/media\/9423"}],"wp:attachment":[{"href":"https:\/\/biocosdz.com\/index.php?rest_route=%2Fwp%2Fv2%2Fmedia&parent=9422"}],"wp:term":[{"taxonomy":"product_cat","embeddable":true,"href":"https:\/\/biocosdz.com\/index.php?rest_route=%2Fwp%2Fv2%2Fproduct_cat&post=9422"},{"taxonomy":"product_tag","embeddable":true,"href":"https:\/\/biocosdz.com\/index.php?rest_route=%2Fwp%2Fv2%2Fproduct_tag&post=9422"}],"curies":[{"name":"wp","href":"https:\/\/api.w.org\/{rel}","templated":true}]}}