{"id":8672,"date":"2024-10-24T20:08:15","date_gmt":"2024-10-24T20:08:15","guid":{"rendered":"https:\/\/biocosdz.com\/?post_type=product&#038;p=8672"},"modified":"2024-11-03T14:11:06","modified_gmt":"2024-11-03T14:11:06","slug":"pack-anti-rides-eclaircissant","status":"publish","type":"product","link":"https:\/\/biocosdz.com\/?product=pack-anti-rides-eclaircissant","title":{"rendered":"Pack Anti Rides &#038; Eclaircissant"},"content":{"rendered":"","protected":false},"excerpt":{"rendered":"<div class=\"product__ref\">SKU303<\/div>\n<div class=\"product__description\">Le s\u00e9rum au collag\u00e8ne rend la peau plus saine, am\u00e9liore efficacement la relaxation de la peau, diminue les ridules du visage, r\u00e9duit les rides et restaure la d\u00e9licatesse de la peau.<\/p>\n<p>La cr\u00e8me de soin anti ride \u00e9claircissante pour le visage, enrichie en huile de s\u00e9same, connue pour ses vertus hydratantes et r\u00e9g\u00e9n\u00e9rantes. Riche en vitamine E qui est reconnue pour prot\u00e9ger efficacement contre les agressions quotidiennes.<\/p>\n<p>Un gel nettoyant visage rafraichissant et d\u00e9licat a l\u2019huile d\u2019argan. Nettoie la peau en douceur sans l\u2019agresser ni la dess\u00e9cher. Convient a tous types de peau.<\/p><\/div>\n","protected":false},"featured_media":8659,"comment_status":"open","ping_status":"closed","template":"","meta":[],"product_cat":[51],"product_tag":[],"class_list":{"0":"post-8672","1":"product","2":"type-product","3":"status-publish","4":"has-post-thumbnail","6":"product_cat-cosmetique-pack","7":"description-off","9":"first","10":"instock","11":"sale","12":"shipping-taxable","13":"purchasable","14":"product-type-simple"},"jetpack_sharing_enabled":true,"_links":{"self":[{"href":"https:\/\/biocosdz.com\/index.php?rest_route=\/wp\/v2\/product\/8672","targetHints":{"allow":["GET"]}}],"collection":[{"href":"https:\/\/biocosdz.com\/index.php?rest_route=\/wp\/v2\/product"}],"about":[{"href":"https:\/\/biocosdz.com\/index.php?rest_route=\/wp\/v2\/types\/product"}],"replies":[{"embeddable":true,"href":"https:\/\/biocosdz.com\/index.php?rest_route=%2Fwp%2Fv2%2Fcomments&post=8672"}],"version-history":[{"count":3,"href":"https:\/\/biocosdz.com\/index.php?rest_route=\/wp\/v2\/product\/8672\/revisions"}],"predecessor-version":[{"id":8947,"href":"https:\/\/biocosdz.com\/index.php?rest_route=\/wp\/v2\/product\/8672\/revisions\/8947"}],"wp:featuredmedia":[{"embeddable":true,"href":"https:\/\/biocosdz.com\/index.php?rest_route=\/wp\/v2\/media\/8659"}],"wp:attachment":[{"href":"https:\/\/biocosdz.com\/index.php?rest_route=%2Fwp%2Fv2%2Fmedia&parent=8672"}],"wp:term":[{"taxonomy":"product_cat","embeddable":true,"href":"https:\/\/biocosdz.com\/index.php?rest_route=%2Fwp%2Fv2%2Fproduct_cat&post=8672"},{"taxonomy":"product_tag","embeddable":true,"href":"https:\/\/biocosdz.com\/index.php?rest_route=%2Fwp%2Fv2%2Fproduct_tag&post=8672"}],"curies":[{"name":"wp","href":"https:\/\/api.w.org\/{rel}","templated":true}]}}