{"id":8664,"date":"2024-10-24T20:03:30","date_gmt":"2024-10-24T20:03:30","guid":{"rendered":"https:\/\/biocosdz.com\/?post_type=product&#038;p=8664"},"modified":"2024-12-25T14:35:33","modified_gmt":"2024-12-25T14:35:33","slug":"creme-de-nuit-figue-de-barbarie","status":"publish","type":"product","link":"https:\/\/biocosdz.com\/?product=creme-de-nuit-figue-de-barbarie","title":{"rendered":"Creme de Nuit Figue de Barbarie"},"content":{"rendered":"","protected":false},"excerpt":{"rendered":"<div class=\"product__ref\">SKU236<\/div>\n<div class=\"product__description\">&#8211; Soigner les peaux matures, ab\u00eem\u00e9es et d\u00e9shydrat\u00e9es, la Cr\u00e8me \u00e0 l\u2019Huile de Figue de<br \/>\nBarbarie r\u00e9g\u00e9n\u00e8re l\u2019\u00e9piderme lors d\u2019infections cutan\u00e9es, acn\u00e9, cicatrices\u2026- La peau est donc renouvel\u00e9e plus rapidement gr\u00e2ce \u00e0 ses antioxydants et Om\u00e9ga-6 naturels, pour une peau neuve et saine.<\/div>\n","protected":false},"featured_media":8519,"comment_status":"open","ping_status":"closed","template":"","meta":[],"product_cat":[47],"product_tag":[],"class_list":{"0":"post-8664","1":"product","2":"type-product","3":"status-publish","4":"has-post-thumbnail","6":"product_cat-cosmetique","7":"description-off","9":"first","10":"instock","11":"sale","12":"shipping-taxable","13":"purchasable","14":"product-type-simple"},"jetpack_sharing_enabled":true,"_links":{"self":[{"href":"https:\/\/biocosdz.com\/index.php?rest_route=\/wp\/v2\/product\/8664","targetHints":{"allow":["GET"]}}],"collection":[{"href":"https:\/\/biocosdz.com\/index.php?rest_route=\/wp\/v2\/product"}],"about":[{"href":"https:\/\/biocosdz.com\/index.php?rest_route=\/wp\/v2\/types\/product"}],"replies":[{"embeddable":true,"href":"https:\/\/biocosdz.com\/index.php?rest_route=%2Fwp%2Fv2%2Fcomments&post=8664"}],"version-history":[{"count":5,"href":"https:\/\/biocosdz.com\/index.php?rest_route=\/wp\/v2\/product\/8664\/revisions"}],"predecessor-version":[{"id":9204,"href":"https:\/\/biocosdz.com\/index.php?rest_route=\/wp\/v2\/product\/8664\/revisions\/9204"}],"wp:featuredmedia":[{"embeddable":true,"href":"https:\/\/biocosdz.com\/index.php?rest_route=\/wp\/v2\/media\/8519"}],"wp:attachment":[{"href":"https:\/\/biocosdz.com\/index.php?rest_route=%2Fwp%2Fv2%2Fmedia&parent=8664"}],"wp:term":[{"taxonomy":"product_cat","embeddable":true,"href":"https:\/\/biocosdz.com\/index.php?rest_route=%2Fwp%2Fv2%2Fproduct_cat&post=8664"},{"taxonomy":"product_tag","embeddable":true,"href":"https:\/\/biocosdz.com\/index.php?rest_route=%2Fwp%2Fv2%2Fproduct_tag&post=8664"}],"curies":[{"name":"wp","href":"https:\/\/api.w.org\/{rel}","templated":true}]}}