{"id":8614,"date":"2024-10-24T13:22:08","date_gmt":"2024-10-24T13:22:08","guid":{"rendered":"https:\/\/biocosdz.com\/?post_type=product&#038;p=8614"},"modified":"2024-12-25T14:32:52","modified_gmt":"2024-12-25T14:32:52","slug":"creme-de-jour-figue-de-barbarie","status":"publish","type":"product","link":"https:\/\/biocosdz.com\/?product=creme-de-jour-figue-de-barbarie","title":{"rendered":"Creme de Jour Figue de Barbarie"},"content":{"rendered":"","protected":false},"excerpt":{"rendered":"<div class=\"product__ref\">SKU235<\/div>\n<div class=\"product__description\">\n<p>&#8211; Un parfait anti-rides avec une protection solaire SPF15.<\/p>\n<p>&#8211; Elle est aussi recommand\u00e9e pour traiter et r\u00e9parer les peaux sensibles.<\/p>\n<p>&#8211; Cette huile rare et pr\u00e9cieuse remplie de vitamines contribue \u00e0 une peau belle et en parfaite sant\u00e9.<\/p>\n<\/div>\n","protected":false},"featured_media":8523,"comment_status":"open","ping_status":"closed","template":"","meta":[],"product_cat":[47],"product_tag":[],"class_list":{"0":"post-8614","1":"product","2":"type-product","3":"status-publish","4":"has-post-thumbnail","6":"product_cat-cosmetique","7":"description-off","9":"first","10":"instock","11":"sale","12":"shipping-taxable","13":"purchasable","14":"product-type-simple"},"jetpack_sharing_enabled":true,"_links":{"self":[{"href":"https:\/\/biocosdz.com\/index.php?rest_route=\/wp\/v2\/product\/8614","targetHints":{"allow":["GET"]}}],"collection":[{"href":"https:\/\/biocosdz.com\/index.php?rest_route=\/wp\/v2\/product"}],"about":[{"href":"https:\/\/biocosdz.com\/index.php?rest_route=\/wp\/v2\/types\/product"}],"replies":[{"embeddable":true,"href":"https:\/\/biocosdz.com\/index.php?rest_route=%2Fwp%2Fv2%2Fcomments&post=8614"}],"version-history":[{"count":4,"href":"https:\/\/biocosdz.com\/index.php?rest_route=\/wp\/v2\/product\/8614\/revisions"}],"predecessor-version":[{"id":9075,"href":"https:\/\/biocosdz.com\/index.php?rest_route=\/wp\/v2\/product\/8614\/revisions\/9075"}],"wp:featuredmedia":[{"embeddable":true,"href":"https:\/\/biocosdz.com\/index.php?rest_route=\/wp\/v2\/media\/8523"}],"wp:attachment":[{"href":"https:\/\/biocosdz.com\/index.php?rest_route=%2Fwp%2Fv2%2Fmedia&parent=8614"}],"wp:term":[{"taxonomy":"product_cat","embeddable":true,"href":"https:\/\/biocosdz.com\/index.php?rest_route=%2Fwp%2Fv2%2Fproduct_cat&post=8614"},{"taxonomy":"product_tag","embeddable":true,"href":"https:\/\/biocosdz.com\/index.php?rest_route=%2Fwp%2Fv2%2Fproduct_tag&post=8614"}],"curies":[{"name":"wp","href":"https:\/\/api.w.org\/{rel}","templated":true}]}}