{"id":8598,"date":"2024-10-24T12:17:05","date_gmt":"2024-10-24T12:17:05","guid":{"rendered":"https:\/\/biocosdz.com\/?post_type=product&#038;p=8598"},"modified":"2026-01-29T13:19:25","modified_gmt":"2026-01-29T13:19:25","slug":"huile-de-coco","status":"publish","type":"product","link":"https:\/\/biocosdz.com\/?product=huile-de-coco","title":{"rendered":"Huile de coco"},"content":{"rendered":"","protected":false},"excerpt":{"rendered":"<div class=\"product__ref\">SKU233<\/div>\n<div class=\"product__description\">\n<p>Du fait de ses propri\u00e9t\u00e9s hydratantes, nourrissantes et protectrices, l\u2019huile de coco poss\u00e8de plusieurs bienfaits pour les cheveux (vous pouvez aussi l\u2019utiliser sur votre peau)<\/p>\n<p>Conseils d\u2019utilisation :<br \/>\nappliquez-la sur cheveux secs et laisser reposer le tout quelques heures dans une serviette chaude , rincer apr\u00e8s avec un shampoing et apr\u00e8s shampoing .<br \/>\n.<\/p>\n<p>Les bientfaits :<\/p>\n<p>Elle nourrit les cheveux en profondeur.<br \/>\nElle cr\u00e9e un voile protecteur qui prot\u00e8ge la chevelure des diverses agressions ext\u00e9rieures (pollution, eau, soleil ou encore s\u00e8che-cheveux) gr\u00e2ce \u00e0 un effet filmog\u00e8ne.<br \/>\nElle dispose d\u2019un pouvoir \u00e9mollient qui lui permet d\u2019assouplir et de d\u00e9tendre la fibre capillaire.<br \/>\nElle fortifie le cheveu et apporte de l\u2019\u00e9clat.<br \/>\nElle dispose de vertus antipelliculaires<\/p>\n<\/div>\n","protected":false},"featured_media":9466,"comment_status":"open","ping_status":"closed","template":"","meta":[],"product_cat":[47],"product_tag":[],"class_list":{"0":"post-8598","1":"product","2":"type-product","3":"status-publish","4":"has-post-thumbnail","6":"product_cat-cosmetique","7":"description-off","9":"first","10":"instock","11":"sale","12":"shipping-taxable","13":"purchasable","14":"product-type-simple"},"jetpack_sharing_enabled":true,"_links":{"self":[{"href":"https:\/\/biocosdz.com\/index.php?rest_route=\/wp\/v2\/product\/8598","targetHints":{"allow":["GET"]}}],"collection":[{"href":"https:\/\/biocosdz.com\/index.php?rest_route=\/wp\/v2\/product"}],"about":[{"href":"https:\/\/biocosdz.com\/index.php?rest_route=\/wp\/v2\/types\/product"}],"replies":[{"embeddable":true,"href":"https:\/\/biocosdz.com\/index.php?rest_route=%2Fwp%2Fv2%2Fcomments&post=8598"}],"version-history":[{"count":4,"href":"https:\/\/biocosdz.com\/index.php?rest_route=\/wp\/v2\/product\/8598\/revisions"}],"predecessor-version":[{"id":9467,"href":"https:\/\/biocosdz.com\/index.php?rest_route=\/wp\/v2\/product\/8598\/revisions\/9467"}],"wp:featuredmedia":[{"embeddable":true,"href":"https:\/\/biocosdz.com\/index.php?rest_route=\/wp\/v2\/media\/9466"}],"wp:attachment":[{"href":"https:\/\/biocosdz.com\/index.php?rest_route=%2Fwp%2Fv2%2Fmedia&parent=8598"}],"wp:term":[{"taxonomy":"product_cat","embeddable":true,"href":"https:\/\/biocosdz.com\/index.php?rest_route=%2Fwp%2Fv2%2Fproduct_cat&post=8598"},{"taxonomy":"product_tag","embeddable":true,"href":"https:\/\/biocosdz.com\/index.php?rest_route=%2Fwp%2Fv2%2Fproduct_tag&post=8598"}],"curies":[{"name":"wp","href":"https:\/\/api.w.org\/{rel}","templated":true}]}}