{"id":8575,"date":"2024-10-23T14:01:52","date_gmt":"2024-10-23T14:01:52","guid":{"rendered":"https:\/\/biocosdz.com\/?post_type=product&#038;p=8575"},"modified":"2026-01-29T13:14:13","modified_gmt":"2026-01-29T13:14:13","slug":"gel-amincissant","status":"publish","type":"product","link":"https:\/\/biocosdz.com\/?product=gel-amincissant","title":{"rendered":"Gel Amincissant"},"content":{"rendered":"","protected":false},"excerpt":{"rendered":"<div class=\"product__ref\">SKU213<\/div>\n<div class=\"product__description\">\n<p>Ce gel \u00e0 base d\u2019aloe vera cible et r\u00e9duit les graisses rapidement,un soin minceur tr\u00e8s complet et tr\u00e8s concentr\u00e9, raffermit et tonifie la peau sans effort, stimule la dislocation des amas graisseux.<\/p>\n<p>Conseils d\u2019utilisation : Appliquez le gel tous les jours, en mouvements circulaires en massant sur les zones souhait\u00e9 .<\/p>\n<\/div>\n","protected":false},"featured_media":9460,"comment_status":"open","ping_status":"closed","template":"","meta":[],"product_cat":[47],"product_tag":[],"class_list":{"0":"post-8575","1":"product","2":"type-product","3":"status-publish","4":"has-post-thumbnail","6":"product_cat-cosmetique","7":"description-off","9":"first","10":"instock","11":"sale","12":"shipping-taxable","13":"purchasable","14":"product-type-simple"},"jetpack_sharing_enabled":true,"_links":{"self":[{"href":"https:\/\/biocosdz.com\/index.php?rest_route=\/wp\/v2\/product\/8575","targetHints":{"allow":["GET"]}}],"collection":[{"href":"https:\/\/biocosdz.com\/index.php?rest_route=\/wp\/v2\/product"}],"about":[{"href":"https:\/\/biocosdz.com\/index.php?rest_route=\/wp\/v2\/types\/product"}],"replies":[{"embeddable":true,"href":"https:\/\/biocosdz.com\/index.php?rest_route=%2Fwp%2Fv2%2Fcomments&post=8575"}],"version-history":[{"count":4,"href":"https:\/\/biocosdz.com\/index.php?rest_route=\/wp\/v2\/product\/8575\/revisions"}],"predecessor-version":[{"id":9461,"href":"https:\/\/biocosdz.com\/index.php?rest_route=\/wp\/v2\/product\/8575\/revisions\/9461"}],"wp:featuredmedia":[{"embeddable":true,"href":"https:\/\/biocosdz.com\/index.php?rest_route=\/wp\/v2\/media\/9460"}],"wp:attachment":[{"href":"https:\/\/biocosdz.com\/index.php?rest_route=%2Fwp%2Fv2%2Fmedia&parent=8575"}],"wp:term":[{"taxonomy":"product_cat","embeddable":true,"href":"https:\/\/biocosdz.com\/index.php?rest_route=%2Fwp%2Fv2%2Fproduct_cat&post=8575"},{"taxonomy":"product_tag","embeddable":true,"href":"https:\/\/biocosdz.com\/index.php?rest_route=%2Fwp%2Fv2%2Fproduct_tag&post=8575"}],"curies":[{"name":"wp","href":"https:\/\/api.w.org\/{rel}","templated":true}]}}