{"id":8567,"date":"2024-10-23T13:15:26","date_gmt":"2024-10-23T13:15:26","guid":{"rendered":"https:\/\/biocosdz.com\/?post_type=product&#038;p=8567"},"modified":"2026-01-29T12:56:41","modified_gmt":"2026-01-29T12:56:41","slug":"foot-repair","status":"publish","type":"product","link":"https:\/\/biocosdz.com\/?product=foot-repair","title":{"rendered":"Foot Repair"},"content":{"rendered":"","protected":false},"excerpt":{"rendered":"<div class=\"product__ref\">SKU205<\/div>\n<div class=\"product__description\">La cr\u00e8me pour les pieds intensive ultra-riche \u00e0 base d&rsquo;huile d&rsquo;avocat et l&rsquo;huile essentielle d&rsquo;eucalyptus aide \u00e0 hydrater, apaiser et prot\u00e9ger les talons. Sa formule, enrichie en cire d&rsquo;abeille, aide \u00e0 nourrir et offre des soins intensifs, sp\u00e9cialement pour p\u00e9n\u00e9trer et hydrater avec un effet antifongique, ce qui en fait un outil indispensable pour la pr\u00e9vention des maladies fongiques.<br \/>\nMode d&rsquo;application: Massez quotidiennement les pieds et les talons pour traiter ou pr\u00e9venir la peau rugueuse et s\u00e8che. Pour le meilleur r\u00e9sultat la nuit avant d&rsquo;aller au lit avec des chaussettes en coton.<\/div>\n","protected":false},"featured_media":9456,"comment_status":"open","ping_status":"closed","template":"","meta":[],"product_cat":[47],"product_tag":[],"class_list":{"0":"post-8567","1":"product","2":"type-product","3":"status-publish","4":"has-post-thumbnail","6":"product_cat-cosmetique","7":"description-off","9":"first","10":"outofstock","11":"sale","12":"shipping-taxable","13":"purchasable","14":"product-type-simple"},"jetpack_sharing_enabled":true,"_links":{"self":[{"href":"https:\/\/biocosdz.com\/index.php?rest_route=\/wp\/v2\/product\/8567","targetHints":{"allow":["GET"]}}],"collection":[{"href":"https:\/\/biocosdz.com\/index.php?rest_route=\/wp\/v2\/product"}],"about":[{"href":"https:\/\/biocosdz.com\/index.php?rest_route=\/wp\/v2\/types\/product"}],"replies":[{"embeddable":true,"href":"https:\/\/biocosdz.com\/index.php?rest_route=%2Fwp%2Fv2%2Fcomments&post=8567"}],"version-history":[{"count":3,"href":"https:\/\/biocosdz.com\/index.php?rest_route=\/wp\/v2\/product\/8567\/revisions"}],"predecessor-version":[{"id":8903,"href":"https:\/\/biocosdz.com\/index.php?rest_route=\/wp\/v2\/product\/8567\/revisions\/8903"}],"wp:featuredmedia":[{"embeddable":true,"href":"https:\/\/biocosdz.com\/index.php?rest_route=\/wp\/v2\/media\/9456"}],"wp:attachment":[{"href":"https:\/\/biocosdz.com\/index.php?rest_route=%2Fwp%2Fv2%2Fmedia&parent=8567"}],"wp:term":[{"taxonomy":"product_cat","embeddable":true,"href":"https:\/\/biocosdz.com\/index.php?rest_route=%2Fwp%2Fv2%2Fproduct_cat&post=8567"},{"taxonomy":"product_tag","embeddable":true,"href":"https:\/\/biocosdz.com\/index.php?rest_route=%2Fwp%2Fv2%2Fproduct_tag&post=8567"}],"curies":[{"name":"wp","href":"https:\/\/api.w.org\/{rel}","templated":true}]}}