{"id":8485,"date":"2024-10-22T09:23:42","date_gmt":"2024-10-22T09:23:42","guid":{"rendered":"https:\/\/biocosdz.com\/?post_type=product&#038;p=8485"},"modified":"2026-01-29T12:21:28","modified_gmt":"2026-01-29T12:21:28","slug":"pack-colon-relax","status":"publish","type":"product","link":"https:\/\/biocosdz.com\/?product=pack-colon-relax","title":{"rendered":"Pack Colon Relax +"},"content":{"rendered":"","protected":false},"excerpt":{"rendered":"<div class=\"product__ref\">\n<div class=\"product__ref\">SKU-5002<\/div>\n<div class=\"product__description\">PACK PROMO COLON RELAX<\/p>\n<p>COLON RELAX Enti\u00e8rement naturel Colon Relax contient de la Camomille, de la Sauge et de la M\u00e9lisse qui contribuent \u00e0 diminuer les ballonnements et les \ufb02atulences ainsi qu&rsquo;\u00e0 un meilleur confort digestif.<\/p>\n<p>Le charbon v\u00e9g\u00e9tal est le plus actif des d\u00e9sintoxicants naturels connus. Celui qui provient de la combustion des coques de noix de coco est le plus performant. Son efficacit\u00e9 pour contrer plusieurs probl\u00e8mes de sant\u00e9 comme des troubles digestifs et intestinaux est reconnue.<\/p>\n<p>La verveine, le tilleul et l&rsquo;aub\u00e9pine sont reconnus pour leur propri\u00e9t\u00e9 apaisante. La combinaison de ces 3 plantes associ\u00e9es \u00e0 la douceur de l&rsquo;anis contribue ainsi \u00e0 des nuits calmes et sereines.<\/p><\/div>\n<\/div>\n","protected":false},"featured_media":9449,"comment_status":"open","ping_status":"closed","template":"","meta":[],"product_cat":[50],"product_tag":[],"class_list":{"0":"post-8485","1":"product","2":"type-product","3":"status-publish","4":"has-post-thumbnail","6":"product_cat-complement-alimentaire-pack","7":"description-off","9":"first","10":"instock","11":"shipping-taxable","12":"purchasable","13":"product-type-simple"},"jetpack_sharing_enabled":true,"_links":{"self":[{"href":"https:\/\/biocosdz.com\/index.php?rest_route=\/wp\/v2\/product\/8485","targetHints":{"allow":["GET"]}}],"collection":[{"href":"https:\/\/biocosdz.com\/index.php?rest_route=\/wp\/v2\/product"}],"about":[{"href":"https:\/\/biocosdz.com\/index.php?rest_route=\/wp\/v2\/types\/product"}],"replies":[{"embeddable":true,"href":"https:\/\/biocosdz.com\/index.php?rest_route=%2Fwp%2Fv2%2Fcomments&post=8485"}],"version-history":[{"count":4,"href":"https:\/\/biocosdz.com\/index.php?rest_route=\/wp\/v2\/product\/8485\/revisions"}],"predecessor-version":[{"id":9450,"href":"https:\/\/biocosdz.com\/index.php?rest_route=\/wp\/v2\/product\/8485\/revisions\/9450"}],"wp:featuredmedia":[{"embeddable":true,"href":"https:\/\/biocosdz.com\/index.php?rest_route=\/wp\/v2\/media\/9449"}],"wp:attachment":[{"href":"https:\/\/biocosdz.com\/index.php?rest_route=%2Fwp%2Fv2%2Fmedia&parent=8485"}],"wp:term":[{"taxonomy":"product_cat","embeddable":true,"href":"https:\/\/biocosdz.com\/index.php?rest_route=%2Fwp%2Fv2%2Fproduct_cat&post=8485"},{"taxonomy":"product_tag","embeddable":true,"href":"https:\/\/biocosdz.com\/index.php?rest_route=%2Fwp%2Fv2%2Fproduct_tag&post=8485"}],"curies":[{"name":"wp","href":"https:\/\/api.w.org\/{rel}","templated":true}]}}