{"id":8465,"date":"2024-10-21T19:49:14","date_gmt":"2024-10-21T19:49:14","guid":{"rendered":"https:\/\/biocosdz.com\/?post_type=product&#038;p=8465"},"modified":"2024-11-03T14:11:01","modified_gmt":"2024-11-03T14:11:01","slug":"complexe-tension","status":"publish","type":"product","link":"https:\/\/biocosdz.com\/?product=complexe-tension","title":{"rendered":"Complexe Tension"},"content":{"rendered":"","protected":false},"excerpt":{"rendered":"<div class=\"product__ref\">SKU013<\/div>\n<div class=\"product__description\">Formule Tension pour une pression sanguine normale .<br \/>\nPosologie : 2 g\u00e9lules par jour en deux prises \u00e0 prendre avec un verre d&rsquo;eau, au milieu des repas.<br \/>\nPr\u00e9cautions d&#8217;emploi: Ce produit ne contient pas d&rsquo;allerg\u00e8nes ni d&rsquo;organismes g\u00e9n\u00e9tiquement modifi\u00e9s. N&rsquo;arr\u00eatez pas votre traitement . Utiliser dans le cadre d\u2019une alimentation vari\u00e9e et \u00e9quilibr\u00e9e et d\u2019un mode de vie sain. Ne pas d\u00e9passer les doses journali\u00e8res recommand\u00e9es. \u00c0 conserver au frais, au sec et \u00e0 l&rsquo;abri de la lumi\u00e8re.<\/div>\n","protected":false},"featured_media":8386,"comment_status":"open","ping_status":"closed","template":"","meta":[],"product_cat":[46],"product_tag":[],"class_list":{"0":"post-8465","1":"product","2":"type-product","3":"status-publish","4":"has-post-thumbnail","6":"product_cat-complement-alimentaire","7":"description-off","9":"first","10":"instock","11":"sale","12":"shipping-taxable","13":"purchasable","14":"product-type-simple"},"jetpack_sharing_enabled":true,"_links":{"self":[{"href":"https:\/\/biocosdz.com\/index.php?rest_route=\/wp\/v2\/product\/8465","targetHints":{"allow":["GET"]}}],"collection":[{"href":"https:\/\/biocosdz.com\/index.php?rest_route=\/wp\/v2\/product"}],"about":[{"href":"https:\/\/biocosdz.com\/index.php?rest_route=\/wp\/v2\/types\/product"}],"replies":[{"embeddable":true,"href":"https:\/\/biocosdz.com\/index.php?rest_route=%2Fwp%2Fv2%2Fcomments&post=8465"}],"version-history":[{"count":3,"href":"https:\/\/biocosdz.com\/index.php?rest_route=\/wp\/v2\/product\/8465\/revisions"}],"predecessor-version":[{"id":8885,"href":"https:\/\/biocosdz.com\/index.php?rest_route=\/wp\/v2\/product\/8465\/revisions\/8885"}],"wp:featuredmedia":[{"embeddable":true,"href":"https:\/\/biocosdz.com\/index.php?rest_route=\/wp\/v2\/media\/8386"}],"wp:attachment":[{"href":"https:\/\/biocosdz.com\/index.php?rest_route=%2Fwp%2Fv2%2Fmedia&parent=8465"}],"wp:term":[{"taxonomy":"product_cat","embeddable":true,"href":"https:\/\/biocosdz.com\/index.php?rest_route=%2Fwp%2Fv2%2Fproduct_cat&post=8465"},{"taxonomy":"product_tag","embeddable":true,"href":"https:\/\/biocosdz.com\/index.php?rest_route=%2Fwp%2Fv2%2Fproduct_tag&post=8465"}],"curies":[{"name":"wp","href":"https:\/\/api.w.org\/{rel}","templated":true}]}}