{"id":8458,"date":"2024-10-21T19:44:10","date_gmt":"2024-10-21T19:44:10","guid":{"rendered":"https:\/\/biocosdz.com\/?post_type=product&#038;p=8458"},"modified":"2025-06-21T11:14:31","modified_gmt":"2025-06-21T11:14:31","slug":"ashwagandha","status":"publish","type":"product","link":"https:\/\/biocosdz.com\/?product=ashwagandha","title":{"rendered":"Ashwagandha +"},"content":{"rendered":"","protected":false},"excerpt":{"rendered":"<div class=\"product__ref\">SKU034<\/div>\n<div class=\"product__description\">\n<p>Ashwagandha 30 capsules.<\/p>\n<p>Notre produit est compos\u00e9e \u00e0 100% de racine Ashwagandha BIO. un compos\u00e9 aux propri\u00e9t\u00e9s extraordinaires pour la sant\u00e9 qui aide \u00e0 :<\/p>\n<p>\u2022 Maintenir des sensations d&rsquo;\u00e9nergie, de vitalit\u00e9 et un bien-\u00eatre physique et mental.<br \/>\n\u2022 Contribue \u00e0 la r\u00e9sistance du corps au stress.<br \/>\n\u2022 Favorise le d\u00e9but du sommeil.<br \/>\n\u2022 Favorise l&rsquo;apprentissage et la m\u00e9moire.<\/p>\n<p>CONSEILS D\u2019UTILISATION : 2 g\u00e9lules par jour, une \u00e0 chaque repas, avec un demi-verre d\u2019eau.<\/p>\n<\/div>\n","protected":false},"featured_media":8389,"comment_status":"open","ping_status":"closed","template":"","meta":[],"product_cat":[46],"product_tag":[],"class_list":{"0":"post-8458","1":"product","2":"type-product","3":"status-publish","4":"has-post-thumbnail","6":"product_cat-complement-alimentaire","7":"description-off","9":"first","10":"instock","11":"shipping-taxable","12":"purchasable","13":"product-type-simple"},"jetpack_sharing_enabled":true,"_links":{"self":[{"href":"https:\/\/biocosdz.com\/index.php?rest_route=\/wp\/v2\/product\/8458","targetHints":{"allow":["GET"]}}],"collection":[{"href":"https:\/\/biocosdz.com\/index.php?rest_route=\/wp\/v2\/product"}],"about":[{"href":"https:\/\/biocosdz.com\/index.php?rest_route=\/wp\/v2\/types\/product"}],"replies":[{"embeddable":true,"href":"https:\/\/biocosdz.com\/index.php?rest_route=%2Fwp%2Fv2%2Fcomments&post=8458"}],"version-history":[{"count":3,"href":"https:\/\/biocosdz.com\/index.php?rest_route=\/wp\/v2\/product\/8458\/revisions"}],"predecessor-version":[{"id":9321,"href":"https:\/\/biocosdz.com\/index.php?rest_route=\/wp\/v2\/product\/8458\/revisions\/9321"}],"wp:featuredmedia":[{"embeddable":true,"href":"https:\/\/biocosdz.com\/index.php?rest_route=\/wp\/v2\/media\/8389"}],"wp:attachment":[{"href":"https:\/\/biocosdz.com\/index.php?rest_route=%2Fwp%2Fv2%2Fmedia&parent=8458"}],"wp:term":[{"taxonomy":"product_cat","embeddable":true,"href":"https:\/\/biocosdz.com\/index.php?rest_route=%2Fwp%2Fv2%2Fproduct_cat&post=8458"},{"taxonomy":"product_tag","embeddable":true,"href":"https:\/\/biocosdz.com\/index.php?rest_route=%2Fwp%2Fv2%2Fproduct_tag&post=8458"}],"curies":[{"name":"wp","href":"https:\/\/api.w.org\/{rel}","templated":true}]}}