{"id":8444,"date":"2024-10-18T11:24:26","date_gmt":"2024-10-18T11:24:26","guid":{"rendered":"https:\/\/biocosdz.com\/?post_type=product&#038;p=8444"},"modified":"2025-06-21T10:08:31","modified_gmt":"2025-06-21T10:08:31","slug":"stimulant-appetit-new","status":"publish","type":"product","link":"https:\/\/biocosdz.com\/?product=stimulant-appetit-new","title":{"rendered":"Stimulant Appetit New"},"content":{"rendered":"","protected":false},"excerpt":{"rendered":"<div class=\"product__ref\">SKU017<\/div>\n<div class=\"product__description\">\n<p>LES BIENFAITS DU FENUGREC<\/p>\n<p>-Aide \u00e0 r\u00e9guler le taux de glyc\u00e9mie.<br \/>\n-Favorise le taux normal du taux de sucre dans le sang.<br \/>\n-Soutient la lactation et favorise la r\u00e9cup\u00e9ration (de la m\u00e8re) apr\u00e8s la naissance.<br \/>\n-Aide \u00e0 ma\u00eetriser le cholest\u00e9rol.<br \/>\n-Contribue \u00e0 l\u2019\u00e9quilibre du m\u00e9tabolisme des graisses, du glucose et de l\u2019insuline.<br \/>\n-Favorise une prise de poids saine.<\/p>\n<\/div>\n","protected":false},"featured_media":8395,"comment_status":"open","ping_status":"closed","template":"","meta":[],"product_cat":[46],"product_tag":[],"class_list":{"0":"post-8444","1":"product","2":"type-product","3":"status-publish","4":"has-post-thumbnail","6":"product_cat-complement-alimentaire","7":"description-off","9":"first","10":"instock","11":"shipping-taxable","12":"purchasable","13":"product-type-simple"},"jetpack_sharing_enabled":true,"_links":{"self":[{"href":"https:\/\/biocosdz.com\/index.php?rest_route=\/wp\/v2\/product\/8444","targetHints":{"allow":["GET"]}}],"collection":[{"href":"https:\/\/biocosdz.com\/index.php?rest_route=\/wp\/v2\/product"}],"about":[{"href":"https:\/\/biocosdz.com\/index.php?rest_route=\/wp\/v2\/types\/product"}],"replies":[{"embeddable":true,"href":"https:\/\/biocosdz.com\/index.php?rest_route=%2Fwp%2Fv2%2Fcomments&post=8444"}],"version-history":[{"count":4,"href":"https:\/\/biocosdz.com\/index.php?rest_route=\/wp\/v2\/product\/8444\/revisions"}],"predecessor-version":[{"id":9309,"href":"https:\/\/biocosdz.com\/index.php?rest_route=\/wp\/v2\/product\/8444\/revisions\/9309"}],"wp:featuredmedia":[{"embeddable":true,"href":"https:\/\/biocosdz.com\/index.php?rest_route=\/wp\/v2\/media\/8395"}],"wp:attachment":[{"href":"https:\/\/biocosdz.com\/index.php?rest_route=%2Fwp%2Fv2%2Fmedia&parent=8444"}],"wp:term":[{"taxonomy":"product_cat","embeddable":true,"href":"https:\/\/biocosdz.com\/index.php?rest_route=%2Fwp%2Fv2%2Fproduct_cat&post=8444"},{"taxonomy":"product_tag","embeddable":true,"href":"https:\/\/biocosdz.com\/index.php?rest_route=%2Fwp%2Fv2%2Fproduct_tag&post=8444"}],"curies":[{"name":"wp","href":"https:\/\/api.w.org\/{rel}","templated":true}]}}