{"id":8424,"date":"2024-10-08T17:35:53","date_gmt":"2024-10-08T17:35:53","guid":{"rendered":"https:\/\/biocosdz.com\/?post_type=product&#038;p=8424"},"modified":"2025-06-21T09:56:30","modified_gmt":"2025-06-21T09:56:30","slug":"turmeric-curcumin","status":"publish","type":"product","link":"https:\/\/biocosdz.com\/?product=turmeric-curcumin","title":{"rendered":"Turmeric Curcumin"},"content":{"rendered":"","protected":false},"excerpt":{"rendered":"<div class=\"product__title\">Turmeric Curcumin<\/div>\n<div class=\"product__ref\">SKU002<\/div>\n<div class=\"product__description\">\n<p>Le curcuma, qui se distingue par sa tr\u00e8s belle couleur orange, est cultiv\u00e9e et utilis\u00e9e depuis l\u2019Antiquit\u00e9 dans certaines r\u00e9gions du monde, et elle est l\u2019une des plantes les plus utilis\u00e9es en m\u00e9decine naturelle chinoise et ayurv\u00e9dique. soulage les douleurs caus\u00e9es par les inflammations chroniques \u00e0 l\u2019image des tendinites, des lumbagos, de l\u2019arthrose et des rhumatismes<\/p>\n<p>\u2022 Anti inflammatoire puissant, contribue \u00e0 la protection des articulations<br \/>\n\u2022 Maintient la sant\u00e9 du foie et am\u00e9liore le confort digestif<br \/>\n\u2022 Contribue \u00e0 limiter l\u2019accumulation de graisses et \u00e0 faciliter leur d\u00e9stockages par le foie<br \/>\n\u2022 Poss\u00e8de des propri\u00e9t\u00e9s anti-oxydantes<br \/>\n\u2022 Contribue \u00e0 un bon \u00e9quilibre nerveux<\/p>\n<p>La richesse en antioxydants du curcuma est simplement exceptionnel. C&rsquo;est l&rsquo;une des 5 plantes les plus antioxydantes au monde.<br \/>\nLorsque le curcuma est consomm\u00e9 en dehors des repas, ses vertus anti-infllammatoir sont plus puissantes<\/p>\n<p>CONSEILS D\u2019UTILISATION : 2 \u00e0 4 g\u00e9lules par jour en deux prises \u00e0 prendre avec un grand verre d&rsquo;eau, au moment du repas.<\/p>\n<\/div>\n","protected":false},"featured_media":8425,"comment_status":"open","ping_status":"closed","template":"","meta":[],"product_cat":[46],"product_tag":[],"class_list":{"0":"post-8424","1":"product","2":"type-product","3":"status-publish","4":"has-post-thumbnail","6":"product_cat-complement-alimentaire","7":"description-off","9":"first","10":"instock","11":"shipping-taxable","12":"purchasable","13":"product-type-simple"},"jetpack_sharing_enabled":true,"_links":{"self":[{"href":"https:\/\/biocosdz.com\/index.php?rest_route=\/wp\/v2\/product\/8424","targetHints":{"allow":["GET"]}}],"collection":[{"href":"https:\/\/biocosdz.com\/index.php?rest_route=\/wp\/v2\/product"}],"about":[{"href":"https:\/\/biocosdz.com\/index.php?rest_route=\/wp\/v2\/types\/product"}],"replies":[{"embeddable":true,"href":"https:\/\/biocosdz.com\/index.php?rest_route=%2Fwp%2Fv2%2Fcomments&post=8424"}],"version-history":[{"count":4,"href":"https:\/\/biocosdz.com\/index.php?rest_route=\/wp\/v2\/product\/8424\/revisions"}],"predecessor-version":[{"id":9304,"href":"https:\/\/biocosdz.com\/index.php?rest_route=\/wp\/v2\/product\/8424\/revisions\/9304"}],"wp:featuredmedia":[{"embeddable":true,"href":"https:\/\/biocosdz.com\/index.php?rest_route=\/wp\/v2\/media\/8425"}],"wp:attachment":[{"href":"https:\/\/biocosdz.com\/index.php?rest_route=%2Fwp%2Fv2%2Fmedia&parent=8424"}],"wp:term":[{"taxonomy":"product_cat","embeddable":true,"href":"https:\/\/biocosdz.com\/index.php?rest_route=%2Fwp%2Fv2%2Fproduct_cat&post=8424"},{"taxonomy":"product_tag","embeddable":true,"href":"https:\/\/biocosdz.com\/index.php?rest_route=%2Fwp%2Fv2%2Fproduct_tag&post=8424"}],"curies":[{"name":"wp","href":"https:\/\/api.w.org\/{rel}","templated":true}]}}