{"id":8375,"date":"2024-09-05T14:46:00","date_gmt":"2024-09-05T14:46:00","guid":{"rendered":"https:\/\/biocosdz.com\/?post_type=product&#038;p=8375"},"modified":"2025-06-21T09:38:01","modified_gmt":"2025-06-21T09:38:01","slug":"anti-stress","status":"publish","type":"product","link":"https:\/\/biocosdz.com\/?product=anti-stress","title":{"rendered":"Anti Stress"},"content":{"rendered":"","protected":false},"excerpt":{"rendered":"<p>La verveine, le tilleul et l&rsquo;aub\u00e9pine sont reconnus pour leur propri\u00e9t\u00e9 apaisante.<\/p>\n<p>La combinaison de ces 3 plantes associ\u00e9es \u00e0 la douceur de l&rsquo;anis contribue ainsi \u00e0 des nuits calmes et sereines.<\/p>\n<p>\u2022 D\u00e9tente et sommeil<br \/>\n\u2022 Le tilleul facilite l\u2019endormissement et contribue \u00e0 une relaxation optimale.<br \/>\n\u2022 La verveine est une plante apaisante et relaxante. La marjolaine facilite le sommeil et la digestion.<br \/>\n\u2022 L\u2019oranger est consomm\u00e9 depuis l\u2019antiquit\u00e9, il apporte \u00e0 cette infusion une saveur \u00ab fleur d\u2019oranger \u00bb en bouche particuli\u00e8rement agr\u00e9able.<\/p>\n<p>CONSEILS D\u2019UTILISATION:<br \/>\nLaisser infuser une dose (petite cuill\u00e8re de 3g) dans une tasse d&rsquo;eau chaude pendant 5 minutes. consommer 2 tasses par jour, 1 apr\u00e8s le d\u00eener, 1 juste avant le coucher de pr\u00e9f\u00e9rence non sucr\u00e9es.<\/p>\n","protected":false},"featured_media":9299,"comment_status":"open","ping_status":"closed","template":"","meta":[],"product_cat":[46],"product_tag":[],"class_list":{"0":"post-8375","1":"product","2":"type-product","3":"status-publish","4":"has-post-thumbnail","6":"product_cat-complement-alimentaire","7":"description-off","9":"first","10":"instock","11":"shipping-taxable","12":"purchasable","13":"product-type-simple"},"jetpack_sharing_enabled":true,"_links":{"self":[{"href":"https:\/\/biocosdz.com\/index.php?rest_route=\/wp\/v2\/product\/8375","targetHints":{"allow":["GET"]}}],"collection":[{"href":"https:\/\/biocosdz.com\/index.php?rest_route=\/wp\/v2\/product"}],"about":[{"href":"https:\/\/biocosdz.com\/index.php?rest_route=\/wp\/v2\/types\/product"}],"replies":[{"embeddable":true,"href":"https:\/\/biocosdz.com\/index.php?rest_route=%2Fwp%2Fv2%2Fcomments&post=8375"}],"version-history":[{"count":4,"href":"https:\/\/biocosdz.com\/index.php?rest_route=\/wp\/v2\/product\/8375\/revisions"}],"predecessor-version":[{"id":8866,"href":"https:\/\/biocosdz.com\/index.php?rest_route=\/wp\/v2\/product\/8375\/revisions\/8866"}],"wp:featuredmedia":[{"embeddable":true,"href":"https:\/\/biocosdz.com\/index.php?rest_route=\/wp\/v2\/media\/9299"}],"wp:attachment":[{"href":"https:\/\/biocosdz.com\/index.php?rest_route=%2Fwp%2Fv2%2Fmedia&parent=8375"}],"wp:term":[{"taxonomy":"product_cat","embeddable":true,"href":"https:\/\/biocosdz.com\/index.php?rest_route=%2Fwp%2Fv2%2Fproduct_cat&post=8375"},{"taxonomy":"product_tag","embeddable":true,"href":"https:\/\/biocosdz.com\/index.php?rest_route=%2Fwp%2Fv2%2Fproduct_tag&post=8375"}],"curies":[{"name":"wp","href":"https:\/\/api.w.org\/{rel}","templated":true}]}}